alculate m(x).
-1
Suppose 2*u - u = 0. Let y be (u + -2 - -3)/1. Let i(n) be the first derivative of -3*n**2 - n + 1. Give i(y).
-7
Let n(j) = -2*j - 4. Suppose -16 = 26*q - 30*q. What is n(q)?
-12
Let w(y) = -12 + y**3 - 2*y - 3*y + 7*y**2 + y**2 + 3*y. Let k be w(-8). Let t(z) = -z**3 + 3*z**2 + 5*z - 1. Determine t(k).
3
Let h(n) be the third derivative of 0*n - n**2 + 0 - 1/8*n**4 + 5/6*n**3. Let r(u) = 3*u - 6. Let i(x) = -5*h(x) - 4*r(x). Calculate i(-2).
-7
Let r be (3/((-12)/(-20)))/1. Let j(o) be the first derivative of -o**3/3 + 5*o**2/2 + 6*o - 1. Calculate j(r).
6
Let k(q) = q**3 + 3*q**2 - 4*q + 6. Let l be k(-4). Let a(g) = g**3 - 7*g**2 + 6*g. What is a(l)?
0
Let k(s) = -s**3 + 5*s**2 - 4*s - 2. Let l = 3 + -3. Suppose 5*x - 2*y - 28 = l, 3*y + 20 = 4*x + 2*y. Calculate k(x).
-2
Let w be 4*3/(-18)*-15. Suppose -f + 23 = 5*g, 7*f = 2*f - w. Let y(a) be the first derivative of a**4/4 - 4*a**3/3 - 7*a**2/2 + 4*a - 1. Determine y(g).
-6
Let r(g) = -3*g**2 + 7*g + 5. Let s(j) = 2*j**2 - 6*j - 4. Let k(w) = 3*r(w) + 4*s(w). Let u = -7 + 3. Calculate k(u).
-5
Let t(o) be the first derivative of o**4/4 + o**2/2 - 9*o + 84. Let b be 1/(-1) - (-2 - -1). Determine t(b).
-9
Let c(h) = -4*h - 2. Let m be (-10)/(-6)*3 + 0. Suppose -4*w + 12 = -4*v, -w + m*w + 5*v + 33 = 0. Give c(w).
6
Let g(v) be the first derivative of 7 + 1/3*v**3 + 3*v**2 + 2*v. Determine g(-5).
-3
Let n(y) be the second derivative of y**4/12 + y**2/2 + y. Let o = 19 + -17. What is n(o)?
5
Let r = 4 + -4. Let t(n) = -3 + n + r*n - n**2 + 2*n. Let a(p) = p + 3. Let b be a(0). Give t(b).
-3
Suppose -3*m = -5*y + 7 + 9, 2*y = 2*m + 8. Suppose 0 = 3*d - 7 - y. Let r(f) = d + f**3 - 5*f**2 - 1 + 3*f**2. Give r(2).
2
Suppose 3*g = -g - 5*b + 25, g = -5*b + 25. Let s be 1 + -4 - (1 - 5). Let l(m) = -4 - s + m + m**2 + m**3 - 2. Calculate l(g).
-7
Let s be 5/(1/1) + -15 + 16. Let j(x) be the first derivative of 0*x**2 - 1 - 1/3*x**3 - s*x. Determine j(0).
-6
Suppose -5 = 2*a - 17. Suppose 0 = a*y - y - 10. Let l(g) be the third derivative of -g**6/60 + g**5/20 - g**4/12 + g**3/2 + g**2. Give l(y).
-5
Let n = -6 - -1. Let o(a) = a + 4. Determine o(n).
-1
Let r(d) = 3*d**3 + d - 1. Let a be r(1). Suppose -g = -2*m + a, 8*g - 5 = 3*g. Let p(z) = z**3 - 4*z**2 + 4*z - 3. What is p(m)?
-3
Let s(v) = -3*v**2 + 2*v + 1. Let g be s(2). Let c = g - -12. Let n(w) = w**2 - 4*w + 1. Let a be n(c). Let f(l) = -l**2 + 5*l. What is f(a)?
-6
Let y be 2 + (-267)/90 + 1. Let t(n) be the third derivative of -y*n**5 + 0*n + 5/24*n**4 - 1/120*n**6 + 1/2*n**3 + 0 - 2*n**2. Calculate t(-3).
-3
Let y(v) = 5*v + 1. Let o be y(-1). Let p(r) = r**3 + 8*r**2 + 4*r - 8. Let m(b) = -b**2 + 1. Let d(n) = 3*m(n) + p(n). What is d(o)?
-5
Let x(w) = w**3 - 3*w**2 + 4*w - 2. Let r be x(2). Let g(j) = -j**3 + j - 15*j**2 - 6*j**2 + 24*j**2 + 2. Give g(r).
8
Let a(o) = o**2 - o - 9. Let f(g) = -g + 3. Let c be f(8). Let y(v) = -1. Let b(m) = c*y(m) + a(m). Determine b(-3).
8
Let b(r) = r**3 - 5*r**2 + 4*r - 2. Let h(a) = -a**3 - a**2 + a + 1. Suppose f - 2 = 2*f. Let j be h(f). Determine b(j).
-8
Suppose 0 = 4*o - 2*h - 10, 2*h = -h - 15. Let x(s) = 4*s**3 - 2*s - 2*s**3 - 3*s**3 + 3*s**2 + o*s**3. Calculate x(3).
-6
Let y(w) = -3*w - 51. Let r be y(-15). Let m(g) = 4*g - 7. Calculate m(r).
-31
Suppose -2*f - f = -9. Let d(k) = -k**2 + k + 1. Let x be d(f). Let w(j) = j - 2. Give w(x).
-7
Suppose -5*t + 30 = -0*t. Let r(v) = 4*v**3 + 6*v + 3. Let j(c) = -7*c - 5*c**3 + 454*c**2 - 454*c**2 - 3. Let o(l) = t*r(l) + 5*j(l). Determine o(0).
3
Let z(q) = 6*q**3 + q**2 + q + 1. Suppose 5*r = -10 + 25. Suppose -2*m = -r*m + v - 4, 10 = -m + 3*v. Calculate z(m).
-5
Let f(z) = -z**2 + 7*z - 5. Let x be -5*(-1 - 0)/(-1). Let p(t) = -t**3 - 4*t**2 + 4*t + 1. Let c be p(x). Calculate f(c).
1
Let c(f) = 2*f + 6. Let x = -46 + 32. Let w = x - -10. Calculate c(w).
-2
Let i(l) = 4*l - 2 + 120*l**2 + 5*l - 3*l - 119*l**2. Let y be (-1)/2 - (-7)/(-2). What is i(y)?
-10
Let x(j) = 957 - 957 + j. Determine x(0).
0
Suppose -m - 21 = -4*m. Let s(x) = -x + 1. Determine s(m).
-6
Suppose -2*v = -d - 6, -4*v = 2*d + 2*d - 36. Let j(z) be the third derivative of -z**4/24 + z**2. What is j(d)?
-4
Let v(c) = -c**3 - 8*c**2 + 3*c + 5. Let i(u) = -u**3 - 7*u**2 + 4*u + 6. Let w(g) = 3*i(g) - 2*v(g). Determine w(-6).
8
Let n(r) = 25*r**3 + 2*r**2 + 2*r - 1. Let c(b) = b**3 - b**2 - b. Let j(s) = c(s) + n(s). What is j(1)?
27
Let b(u) = -u - 1. Let s = -4 + 14. Let x be (-1)/5 + (-28)/s. Let q be b(x). Let a(k) = -4*k + 2. What is a(q)?
-6
Let x(l) be the second derivative of 0 + 1/3*l**3 + 2*l + 0*l**2. Determine x(-2).
-4
Let d(f) be the first derivative of -f**2/2 + 14*f - 19. Calculate d(7).
7
Let k(o) = -7*o - 3. Let p(h) = -8*h - 4. Let w(d) = 6*k(d) - 5*p(d). What is w(2)?
-2
Suppose 0 = 3*c - 15, -7 = -2*l - 2*c + 7. Let k be (10 - 4)/(3/l). Let g(h) = h + 5. Calculate g(k).
9
Let d(q) = -11*q**3 - 23*q**2 + 8*q + 10. Let f(v) = 7*v**3 + 15*v**2 - 5*v - 7. Let i(n) = -5*d(n) - 8*f(n). What is i(-5)?
6
Let t(c) = -c - 2. Let m be t(0). Let s = m + 5. Suppose -7 = -5*l + s. Let z(x) = x**3 - 3*x**2 + 3*x - 1. Calculate z(l).
1
Let l(i) = -6*i**2 - i**2 - 10 - i**3 + 12. Determine l(-7).
2
Let k = 8 - 5. Let w(c) = 2*c**2 - 4*c + 1. Let v(j) = 3*j + 3 - 3*j - 4 + j**2. Let o(p) = k*v(p) - w(p). Give o(-5).
1
Let i be -5 + 12 - (3 + 0). Let t = 4 + -2. Let m(j) = -3*j**2 + 3 + 2*j**t + 0*j**2 + 3*j. Calculate m(i).
-1
Let k(l) = -l**2 - 4*l. Suppose -3*h + h - 6 = 0. What is k(h)?
3
Let q be (3 + 0 + -10)/1. Let y = q + 12. Let g(i) = i + 2. Determine g(y).
7
Let b(o) = -o**3 + o**2 + 19. Let a be b(0). Suppose -6 = 5*c + a. Let s(w) = w - 1. Give s(c).
-6
Suppose -3*d + 4 = -d. Suppose -2 + 6 = d*j + 4*m, -4*j - 36 = -3*m. Let o(v) be the third derivative of v**5/60 + v**4/4 + v**3/6 + 2*v**2. Give o(j).
1
Let x(a) be the third derivative of -a**5/60 - a**4/12 + a**3/6 - 10*a**2. What is x(1)?
-2
Let c(l) = -l**3 + 2*l**2 + 2*l + 1. Let f be (-6)/12*(0 + 2). Let g be c(f). Let u(w) = -w - 1. Let z(k) = -3*k + 2. Let a(q) = -2*u(q) + z(q). Give a(g).
2
Suppose 0 = -3*r + 4*r - 4. Let d(w) = 2 - r + 2 - 3*w. Let y be 3/(2/(-4) + -1). Give d(y).
6
Suppose -6*n + 2*n = 0. Let j(o) = -3*o**2 - 5*o - 2. Let b(m) = -m**2 - m + 1. Let a(y) = -4*b(y) + j(y). What is a(n)?
-6
Let f(v) = 6*v + 10. Let m(q) = 7*q + 11. Let l(z) = -6*f(z) + 5*m(z). Calculate l(-4).
-1
Let k be 20/(-12)*6/(-2). Suppose k*u + 20 = -2*v, -2*u = -0*u + v + 9. Let d(s) = 3*s**2 + 3*s. What is d(u)?
6
Let x(c) = c**3 + 5*c**2 - c - 4. Let l be x(-5). Let m = -2 + 4. Let w(f) = -3*f + f + 1 - f**m + 4*f**2. Determine w(l).
2
Let t(g) = 5*g - 14. Let r(u) = 14*u - 42. Suppose 5*x + 10*d - 5*d = -90, d = 3*x + 50. Let h(l) = x*t(l) + 6*r(l). Calculate h(-6).
-8
Let b(r) = -2*r**2 - 2*r + 1. Let y be 3 - (-1)/(-2)*-2. Suppose y = -a - 3. Let d = 5 + a. Determine b(d).
-3
Let r(f) = -4*f**3 + 8*f**2 + 2*f - 5. Let o(q) = 3*q**3 - 7*q**2 - q + 4. Let p(a) = 3*o(a) + 2*r(a). What is p(5)?
7
Let o(p) be the second derivative of -1/20*p**5 + 0*p**4 + 1/3*p**3 + 0 - 5*p - 3/2*p**2. What is o(2)?
-7
Let r(n) = 7*n**3 + 4*n**2 - 2*n - 2. Let i(j) = -8*j**3 - 3*j**2 + j + 1. Let z(g) = -3*i(g) - 2*r(g). Let b be (-1)/3 + (-4)/6. Determine z(b).
-9
Let i(y) be the first derivative of 3*y**3/2 - y**2/2 - y + 3. Let x(o) be the first derivative of i(o). Suppose -g + 3 = 2. What is x(g)?
8
Let a(v) = 3*v**3 - 3*v**2 + 2*v - 1. Suppose -5*l + 9 = -3*f, 0 = -f + 2*l - 0*l - 4. Give a(f).
15
Let r(i) be the second derivative of -i**4/12 - i**3/3 + 5*i**2/2 + 5*i. Determine r(-4).
-3
Suppose c + 0*c - 4 = 0. Suppose c*y + 16 = -4*l, -5*l - 2*y = -4*y + 34. Let t(p) = p - 2. Determine t(l).
-8
Suppose 2*h + 2 = 6. Let m(l) be the first derivative of -l**4/4 + 2*l**2 - 3*l + 6. What is m(h)?
-3
Let i be 1*(-52)/20 - 2/5. Let m(d) = 5*d**3 + 2*d**2 - d**3 - 3*d**3 + 4 - d. Give m(i).
-2
Let q(b) be the first derivative of b**3/3 + 5*b**2/2 - 10*b + 9. Determine q(-7).
4
Let d(a) = a**2. Suppose -6*f = -5*f. What is d(f)?
0
Let q(j) be the third derivative of -j**5/60 + j**4/4 - j**3/6 + 2*j**2. Let s = 5 - 4. Let p = s + 3. Calculate q(p).
7
Let y(x) = 2*x + 3. Suppose 5*g + 2*s = -29, 2*s + 1 + 3